 2*p**2 - 14*p + 7. What are the prime factors of x(8)?
23
Let g(v) = v**3 + 2*v**2 - 5*v + 3. Let a be g(-4). Let l(x) = -x**2 + 2*x - 12. Let p be l(-4). List the prime factors of 8/p - 137/a.
3, 5
Suppose -4*r + 227 = -41. List the prime factors of r.
67
Suppose 5*m = 21 - 1. Suppose 0 = -3*u - 2*u - 3*t + 8, 5*u - m = -4*t. Suppose 5*r - 4*z = 59, 0 = u*z - z + 3. What are the prime factors of r?
11
Suppose 3*s + 0*s = -4*o + 129, -4*s - 5*o + 171 = 0. List the prime factors of s.
3, 13
Suppose 4*k - k + 9 = 0. Let f = 6 - 9. What are the prime factors of (9/1 - k) + f?
3
Suppose -2*z = z - m - 5, 3*z - 5*m - 1 = 0. Let n(j) = -2 + 3 + z*j - 3*j. What are the prime factors of n(-6)?
7
Let f(v) = v**2 - v - 1. Let p(o) = 5*o**2 - 15*o + 8. Let d(u) = 4*f(u) - p(u). Let q = -12 - -20. What are the prime factors of d(q)?
2, 3
Let d = -7 - -18. Suppose -1 = 2*f - d. Suppose -3*w = -f*j - 6 + 39, 3*j + w - 17 = 0. List the prime factors of j.
2, 3
Suppose -16 = -2*l + 16. Suppose -4*q + 3*n = 2 - 16, 5*q = 3*n + l. What are the prime factors of (q - 10/3)*-9?
2, 3
Suppose 2*w - 32 = -o - 3, 4*o + 3*w = 96. Let j = 30 - o. Suppose a - j - 3 = -2*u, 40 = 5*a + 5*u. List the prime factors of a.
2
Let a = 55 + -50. Suppose -l - 2*l + 4*b + 14 = 0, 4 = 4*l + 2*b. Suppose a*c + 7 = l*t + 2*t, c + 8 = 3*t. What are the prime factors of t?
3
Suppose 4*y = -3*m - 0*y + 5, m = -5*y - 2. What are the prime factors of m?
3
Let t = -7 + -12. Let a = t - -42. What are the prime factors of a?
23
Let z = 282 + -199. What are the prime factors of z?
83
Suppose 6*t - 392 = 22. What are the prime factors of t?
3, 23
Suppose 0 = -4*y + 10 + 74. Suppose 3*r + y = h, 0 = -4*h + 5*r - r + 44. List the prime factors of h.
2, 3
Let r be -3 + 4/((-4)/(-79)). Let t = r + -35. List the prime factors of t.
41
Let s be (14 + 3 + -6)*1. Suppose 3*t - s = -2. Suppose -5*l + 33 = t*q - 0*l, -5*q = -3*l - 55. What are the prime factors of q?
11
List the prime factors of (19/57)/(1/237).
79
Suppose 58 = 4*f - 94. What are the prime factors of f?
2, 19
Suppose 3*g + 35 = -16. Let j = 28 + g. What are the prime factors of j?
11
Let o be -6 + 13 + 1 + -4. Suppose 0*c + 5*c = 0. Suppose 4*v + 5*j - 53 = c, 0*v + 46 = o*v - 2*j. List the prime factors of v.
2, 3
Let b = 1 - -7. Let m(g) = -g**2 + 8*g + 3. Let s be m(b). Suppose -4*d - 24 = -2*l, 0*l - 32 = -s*l + 4*d. List the prime factors of l.
2
Let y be (-2)/(-4) - (-2)/(-4). Suppose -5*s + s + 8 = y. List the prime factors of 12 + (1 + -5)/s.
2, 5
Let l = -15 + 31. Suppose -a + l = p - 4, 0 = 4*p - 5*a - 53. List the prime factors of p.
17
Suppose -5*v = 4*g + 536, 3*g + 64 = 2*v - 361. Let o = -90 - g. Suppose n + 3*f - 11 + 3 = 0, -o = -4*n + 5*f. List the prime factors of n.
11
Suppose 58 - 9 = h. Let p = h - 26. List the prime factors of p.
23
Let c(k) = 2*k**2 - 4*k - 2. Let h be c(-4). Suppose 3*j = h - 13. What are the prime factors of j?
11
Let o = -67 + 66. Let f(v) = -v - 2. Let h be f(-2). What are the prime factors of 3 + h + 1*o?
2
Let y(j) = -j**3 - 2*j**2 + 2*j - 4. List the prime factors of y(-4).
2, 5
Let x = 47 + -24. Let n = 50 - x. List the prime factors of n.
3
Suppose -24 = -c + 3*n, -n - 65 = -5*c + 111. List the prime factors of c.
2, 3
Let h(k) = -7*k - 1. Let n(d) = -d**3 - 5*d**2 + 5*d - 8. Let u be n(-6). Let a be u/(-1 + -1)*-1. What are the prime factors of h(a)?
2, 3
Let w = 3 - 0. Let z(b) = b**3 + b**3 + 3 + 6*b**2 - w*b**3 - 6*b. List the prime factors of z(4).
11
Let x = 1 + 1. Suppose 3*v - x*v - 16 = 0. What are the prime factors of v?
2
Suppose f + 10*f - 2123 = 0. What are the prime factors of f?
193
Suppose -i + j - 53 = 3*i, -j = -5. List the prime factors of 3/i - (-82)/8.
2, 5
Let h = -2 - -23. What are the prime factors of h?
3, 7
Let r be 128/(-6)*(-9)/4. Let s = r - 21. List the prime factors of s.
3
Suppose 8 = 3*c + c. Let r(q) = 5 + q - 6*q - 2*q + 9*q**c - q**3. What are the prime factors of r(8)?
13
Let z = 4 + -2. Suppose 2*a - 5 = 2*n + 5*a, -3*n - 5*a - 10 = 0. List the prime factors of (n - 1 - z) + 1.
3
What are the prime factors of 5/((-15)/(-9)) + (2 - -91)?
2, 3
Let j(g) = -g - 1. Let r(s) = 44*s + 8. Let k(u) = -6*j(u) - r(u). List the prime factors of k(-1).
2, 3
Let w = -55 + 122. What are the prime factors of w?
67
Let t = 78 - 56. What are the prime factors of t?
2, 11
Let o be (-117)/(-21) + 8/(-14). What are the prime factors of (o/(-20))/(2/(-328))?
41
Let o be (0 - 12/16)*4. List the prime factors of o*2/(-3) - -48.
2, 5
Let n(l) = 2*l**2 - 5*l - 1. What are the prime factors of n(-4)?
3, 17
Let r(w) = w**3 + 10*w**2 + 4. Let x(j) = -2*j. Let z be x(5). Let m be r(z). Suppose -o = -2*v + 12, -4*v + 22 - 6 = -m*o. What are the prime factors of v?
2
What are the prime factors of (-8 - -1) + 8 - -1*26?
3
Let t(a) = 2*a - 1. Let y(k) = -k**2 + 2*k - 1. Let q(w) = 4*t(w) - 5*y(w). Let n be q(-2). Suppose -5*j + n = -5. List the prime factors of j.
2, 3
Let p(u) = -u**3 - 16*u**2 + 33. List the prime factors of p(-16).
3, 11
List the prime factors of 95*(0 - 27/(-15)).
3, 19
Let o be 1 + (0 - (-6)/(-3)). Let x = -7 - o. Let z = 10 + x. List the prime factors of z.
2
Let w(h) = -2*h - 4. Let y be w(-3). Let l = y - -27. List the prime factors of l.
29
Let n(o) = 3*o**2 - 4*o + 3. Suppose 4*y - 1 - 19 = 0. Suppose -4*r = -y*f + 12, 2*r - 2 + 6 = 2*f. List the prime factors of n(r).
7
Suppose -222 = -5*q - 57. What are the prime factors of q?
3, 11
List the prime factors of (-4)/(-14) - 4983/(-77).
5, 13
Let t be 26/7 - (-4)/14. Let p(g) = -3*g + g**2 - 6 + 6. List the prime factors of p(t).
2
Suppose 0 = 3*i + 12, -2*c - 2*i + 70 = c. Let t be (c/(-8))/(3/(-36)). Let l = -27 + t. List the prime factors of l.
2, 3
Suppose -2*t + 5*o = 15 + 4, -2*o = 2. List the prime factors of ((-4)/t)/((-1)/(-39)).
13
Let g(v) = v**2 - 8*v - 7. Let r be g(9). Suppose -r*i = -4 - 6. List the prime factors of i.
5
Suppose 0 = 5*a - 4*y - 43, 2*y + 24 = 2*a - 3*y. Let g(k) = -k + 7. Let r be g(5). Let i = a - r. What are the prime factors of i?
5
List the prime factors of (74/3)/(((-4)/(-2))/6).
2, 37
Let n be (-6 - -5)/(1/(-2)). Suppose 0*z = -n*z + 228. What are the prime factors of z/27 - 2/9?
2
Suppose -23 + 3 = 5*u. What are the prime factors of (-61)/u + 2/(-8)?
3, 5
Let j = -50 + 20. What are the prime factors of (-18)/5*j/9?
2, 3
Let x(u) be the first derivative of u**6/360 + u**5/24 + u**4/6 - u**3 - 1. Let b(c) be the third derivative of x(c). List the prime factors of b(-5).
2
List the prime factors of (-176)/(-2)*(-7)/(-14) + -2.
2, 3, 7
Suppose q - 6*q = 0. Let t(y) = y**3 + 4*y**2 + 2*y + 1. Let j be t(-2). Suppose j*n = -4*x + 74, 3*n + q*n - 4*x = 38. List the prime factors of n.
2, 7
Suppose -i + 1 - 9 = 0. Let x = 34 - i. What are the prime factors of x?
2, 3, 7
Let o(q) = q - 2. Let b be o(-3). Let k be b/(-2) + 1/2. Suppose -5*i - 3*j + 51 + 31 = 0, j = k*i - 38. List the prime factors of i.
2, 7
Let r = -27 - -101. Let p = r - 24. List the prime factors of p.
2, 5
Suppose -6*t + 3*t + 20 = -j, 4*j = -3*t + 10. Let b = t - -55. Suppose 2*c = b - 21. List the prime factors of c.
2, 5
Let u be ((-1)/2)/((-8)/64). Let j be (u/5)/((-8)/(-20)). List the prime factors of j - (-5 + -1 + 0).
2
Let d be 4 - (2 + (0 - 1)). Suppose 0 = -z + d + 1. List the prime factors of z.
2
Let t be -3*(20/(-6) + 2). Suppose 11 + 1 = t*c. List the prime factors of (1 + 32)*1/c.
11
Suppose 4*v + 2 = k - 1, k + 4*v = 3. Suppose -d + k*d = 0. Suppose h - 2 = -5*u + 6, d = -4*h - u + 32. What are the prime factors of h?
2
Let y = 191 - 42. What are the prime factors of y?
149
Suppose 5*n - 117 = t - 5*t, 4*n + 111 = 3*t. List the prime factors of t.
3, 11
Let h(w) = -w**3 - 10*w**2 - 10*w - 6. Let b be h(-9). Let l(g) = 2*g**2 - g - 2. What are the prime factors of l(b)?
13
Suppose a - 2*a = -19. Suppose -h + a = 2*g, 8*h - 40 = -5*g + 3*h. List the prime factors of g.
11
Suppose -r - 3*n = n - 7, -3*r - 4*n = -21. Suppose -3*u + r*u = -12. What are the prime factors of (3/(-2))/(u/4)?
2
Suppose 3*f = 91 + 11. List the prime factors of f.
2, 17
Let g = 1 + 1. Let f be g - 1 - (-1 - -1). Suppose 3*z = f + 23. What are the prime factors of z?
2
Let y(r) = r + 1. Let i(s) = 5. Let g(f) = -i(f) 